{"id":4617,"date":"2014-11-08T20:21:06","date_gmt":"2014-11-08T19:21:06","guid":{"rendered":"http:\/\/www.komarno.fara.sk\/?page_id=4617"},"modified":"2018-06-04T12:14:59","modified_gmt":"2018-06-04T10:14:59","slug":"2-2","status":"publish","type":"page","link":"https:\/\/www.komarno.fara.sk\/?page_id=4617","title":{"rendered":"Sv\u00e4t\u00e9 prij\u00edmanie chor\u00fdm"},"content":{"rendered":"<p style=\"text-align: right;\"><span style=\"font-size: 12pt;\"><em>&#8222;Je niekto z v\u00e1s chor\u00fd?&nbsp;<\/em><em>Nech si zavol\u00e1 star\u0161\u00edch Cirkvi; a nech sa nad n\u00edm modlia a ma\u017e\u00fa ho olejom v P\u00e1novom mene. Modlitba s vierou uzdrav\u00ed chor\u00e9ho a P\u00e1n mu u\u013eav\u00ed; a ak sa dopustil hriechov, odpustia sa mu.&#8220; (Jak 5, 14-15)<\/em><\/span><\/p>\n<p><span style=\"font-size: 12pt;\">Cirkev mala v\u017edy vo ve\u013ekej \u00facte t\u00fdch svojich \u010dlenov, ktor\u00ed sa utrpen\u00edm pripodob\u0148ovali sam\u00e9mu Kristovi. Preto ich v chorobe zah\u0155\u0148a l\u00e1skyplnou starostlivos\u0165ou, ktor\u00fa im preukazuje nielen t\u00fdm, \u017ee chor\u00fdch nav\u0161tevuje, ale aj t\u00fdm, \u017ee im sviatos\u0165ou pomazania poskytuje \u00fa\u013eavu, Eucharistiou ich posil\u0148uje, modl\u00ed sa za nich a v posledn\u00fdch chv\u00ed\u013each \u017eivota ich osobitn\u00fdm sp\u00f4sobom odpor\u00fa\u010da Bohu.<\/span><\/p>\n<p style=\"text-align: justify;\"><span style=\"font-size: 12pt;\">V na\u0161ej farnosti nav\u0161tevujeme chor\u00fdch, star\u00fdch a nevl\u00e1dnych priamo v ich dom\u00e1cnostiach, oby\u010dajne v prv\u00fd \u0161tvrtok &nbsp;a piatok v mesiaci (9:00 &#8211; 16:00). Nahl\u00e1si\u0165 takto chor\u00e9ho \u010dloveka m\u00f4\u017eete bu\u010f osobne vo farskej kancel\u00e1rii (pracovn\u00e9 dni od 8:00 &#8211; 12:00)<\/span><\/p>\n","protected":false},"excerpt":{"rendered":"<p>&#8222;Je niekto z v\u00e1s chor\u00fd?&nbsp;Nech si zavol\u00e1 star\u0161\u00edch Cirkvi; a nech sa nad n\u00edm modlia a ma\u017e\u00fa ho olejom v P\u00e1novom mene. Modlitba s vierou uzdrav\u00ed chor\u00e9ho a P\u00e1n mu u\u013eav\u00ed; a ak sa dopustil hriechov, odpustia sa mu.&#8220; (Jak 5, 14-15) Cirkev mala v\u017edy vo ve\u013ekej \u00facte t\u00fdch svojich \u010dlenov, ktor\u00ed sa utrpen\u00edm pripodob\u0148ovali sam\u00e9mu Kristovi. Preto ich v chorobe zah\u0155\u0148a l\u00e1skyplnou starostlivos\u0165ou, ktor\u00fa im preukazuje nielen t\u00fdm, \u017ee chor\u00fdch nav\u0161tevuje, ale aj t\u00fdm, \u017ee im sviatos\u0165ou pomazania poskytuje \u00fa\u013eavu, Eucharistiou ich posil\u0148uje, modl\u00ed sa za nich a v posledn\u00fdch chv\u00ed\u013each \u017eivota ich osobitn\u00fdm sp\u00f4sobom odpor\u00fa\u010da Bohu. V na\u0161ej farnosti nav\u0161tevujeme chor\u00fdch, star\u00fdch a nevl\u00e1dnych priamo v ich dom\u00e1cnostiach, oby\u010dajne v prv\u00fd \u0161tvrtok &nbsp;a piatok v mesiaci (9:00 &#8211; 16:00). Nahl\u00e1si\u0165 takto chor\u00e9ho \u010dloveka m\u00f4\u017eete bu\u010f osobne vo farskej kancel\u00e1rii (pracovn\u00e9 dni od 8:00 &#8211; 12:00)<\/p>\n","protected":false},"author":1,"featured_media":0,"parent":4494,"menu_order":0,"comment_status":"open","ping_status":"open","template":"","meta":{"footnotes":""},"class_list":["post-4617","page","type-page","status-publish","hentry"],"acf":[],"_links":{"self":[{"href":"https:\/\/www.komarno.fara.sk\/index.php?rest_route=\/wp\/v2\/pages\/4617","targetHints":{"allow":["GET"]}}],"collection":[{"href":"https:\/\/www.komarno.fara.sk\/index.php?rest_route=\/wp\/v2\/pages"}],"about":[{"href":"https:\/\/www.komarno.fara.sk\/index.php?rest_route=\/wp\/v2\/types\/page"}],"author":[{"embeddable":true,"href":"https:\/\/www.komarno.fara.sk\/index.php?rest_route=\/wp\/v2\/users\/1"}],"replies":[{"embeddable":true,"href":"https:\/\/www.komarno.fara.sk\/index.php?rest_route=%2Fwp%2Fv2%2Fcomments&post=4617"}],"version-history":[{"count":10,"href":"https:\/\/www.komarno.fara.sk\/index.php?rest_route=\/wp\/v2\/pages\/4617\/revisions"}],"predecessor-version":[{"id":8235,"href":"https:\/\/www.komarno.fara.sk\/index.php?rest_route=\/wp\/v2\/pages\/4617\/revisions\/8235"}],"up":[{"embeddable":true,"href":"https:\/\/www.komarno.fara.sk\/index.php?rest_route=\/wp\/v2\/pages\/4494"}],"wp:attachment":[{"href":"https:\/\/www.komarno.fara.sk\/index.php?rest_route=%2Fwp%2Fv2%2Fmedia&parent=4617"}],"curies":[{"name":"wp","href":"https:\/\/api.w.org\/{rel}","templated":true}]}}