{"id":4459,"date":"2014-10-13T09:48:47","date_gmt":"2014-10-13T07:48:47","guid":{"rendered":"http:\/\/www.komarno.fara.sk\/?page_id=4459"},"modified":"2025-02-03T00:56:32","modified_gmt":"2025-02-02T23:56:32","slug":"krst","status":"publish","type":"page","link":"https:\/\/www.komarno.fara.sk\/?page_id=4459","title":{"rendered":"Sviatos\u0165 krstu"},"content":{"rendered":"<p><a href=\"http:\/\/www.komarno.fara.sk\/?page_id=5143\">&#8211; Krst die\u0165a\u0165a<\/a><\/p>\n<p><a href=\"http:\/\/www.komarno.fara.sk\/?page_id=5145\">&#8211; Krst dospel\u00e9ho<\/a><\/p>\n","protected":false},"excerpt":{"rendered":"<p>&#8211; Krst die\u0165a\u0165a &#8211; Krst dospel\u00e9ho<\/p>\n","protected":false},"author":1,"featured_media":0,"parent":4456,"menu_order":0,"comment_status":"closed","ping_status":"open","template":"","meta":{"footnotes":""},"class_list":["post-4459","page","type-page","status-publish","hentry"],"acf":[],"_links":{"self":[{"href":"https:\/\/www.komarno.fara.sk\/index.php?rest_route=\/wp\/v2\/pages\/4459","targetHints":{"allow":["GET"]}}],"collection":[{"href":"https:\/\/www.komarno.fara.sk\/index.php?rest_route=\/wp\/v2\/pages"}],"about":[{"href":"https:\/\/www.komarno.fara.sk\/index.php?rest_route=\/wp\/v2\/types\/page"}],"author":[{"embeddable":true,"href":"https:\/\/www.komarno.fara.sk\/index.php?rest_route=\/wp\/v2\/users\/1"}],"replies":[{"embeddable":true,"href":"https:\/\/www.komarno.fara.sk\/index.php?rest_route=%2Fwp%2Fv2%2Fcomments&post=4459"}],"version-history":[{"count":15,"href":"https:\/\/www.komarno.fara.sk\/index.php?rest_route=\/wp\/v2\/pages\/4459\/revisions"}],"predecessor-version":[{"id":5165,"href":"https:\/\/www.komarno.fara.sk\/index.php?rest_route=\/wp\/v2\/pages\/4459\/revisions\/5165"}],"up":[{"embeddable":true,"href":"https:\/\/www.komarno.fara.sk\/index.php?rest_route=\/wp\/v2\/pages\/4456"}],"wp:attachment":[{"href":"https:\/\/www.komarno.fara.sk\/index.php?rest_route=%2Fwp%2Fv2%2Fmedia&parent=4459"}],"curies":[{"name":"wp","href":"https:\/\/api.w.org\/{rel}","templated":true}]}}