{"id":1081,"date":"2013-09-26T19:39:03","date_gmt":"2013-09-26T17:39:03","guid":{"rendered":"http:\/\/www.komarno.fara.sk\/?page_id=1081"},"modified":"2016-01-16T16:09:46","modified_gmt":"2016-01-16T15:09:46","slug":"kaplnky","status":"publish","type":"page","link":"https:\/\/www.komarno.fara.sk\/?page_id=1081","title":{"rendered":"Kaplnky"},"content":{"rendered":"<div>\n<h6><img loading=\"lazy\" decoding=\"async\" class=\" wp-image-3659 alignleft\" src=\"http:\/\/www.komarno.fara.sk\/wp-content\/uploads\/2013\/12\/kaplnka-sv.-Anny-200x300.jpg\" alt=\"kaplnka sv. Anny\" width=\"185\" height=\"278\" srcset=\"https:\/\/www.komarno.fara.sk\/wp-content\/uploads\/2013\/12\/kaplnka-sv.-Anny-200x300.jpg 200w, https:\/\/www.komarno.fara.sk\/wp-content\/uploads\/2013\/12\/kaplnka-sv.-Anny.jpg 274w\" sizes=\"auto, (max-width: 185px) 100vw, 185px\" \/><\/h6>\n<p><strong><span style=\"font-size: 14pt;\">Kaplnka sv. Anny<\/span><\/strong><\/p>\n<\/div>\n<div>\n<p style=\"text-align: justify;\">\u00a0 \u00a0 \u00a0Prv\u00fd \u0161pit\u00e1l a chudobinec mesta bol umiestnen\u00fd v budove, v ktorej sa nach\u00e1dza i dne\u0161n\u00e1 kaplnka sv. Anny. Dlh\u00e9 desa\u0165ro\u010dia tu lie\u010dili infekcie chor\u00fdch z mesta a okolia. Budova, ktor\u00e1 videla mnoho \u013eudsk\u00e9ho utrpenia bola postaven\u00e1 v 18. storo\u010d\u00ed. Nesie prvky barokov\u00e9ho a klasicistick\u00e9ho slohu.<\/p>\n<\/div>\n<div><\/div>\n<div id=\"c63\">\n<div>\n<h6><strong><span style=\"font-size: 14pt;\"><br \/>\n<\/span><\/strong><\/h6>\n<h6><\/h6>\n<h6><\/h6>\n<\/div>\n<\/div>\n<p>&nbsp;<\/p>\n<p>&nbsp;<\/p>\n<p>&nbsp;<\/p>\n<div id=\"c63\">\n<div>\n<h6><strong><span style=\"font-size: 14pt;\"><br \/>\n<img loading=\"lazy\" decoding=\"async\" class=\"wp-image-3668 alignright\" src=\"http:\/\/www.komarno.fara.sk\/wp-content\/uploads\/2013\/09\/kaplnka-sv.-Jozefa-225x300.jpg\" alt=\"kaplnka sv. Jozefa\" width=\"186\" height=\"248\" srcset=\"https:\/\/www.komarno.fara.sk\/wp-content\/uploads\/2013\/09\/kaplnka-sv.-Jozefa-225x300.jpg 225w, https:\/\/www.komarno.fara.sk\/wp-content\/uploads\/2013\/09\/kaplnka-sv.-Jozefa.jpg 768w\" sizes=\"auto, (max-width: 186px) 100vw, 186px\" \/>Kaplnka sv. Jozefa<\/span><\/strong><\/h6>\n<\/div>\n<div>\n<p style=\"text-align: justify;\">\u00a0 \u00a0 \u00a0Kaplnka so zaj\u00edmavou architektonicko-v\u00fdtvarnou koncepciou bola postaven\u00e1\u00a0v roku 1741 bar\u00f3nom A. Zichym.<\/p>\n<p style=\"text-align: justify;\">\u00a0 \u00a0 \u00a0Obnoven\u00e1 v roku 2016.<\/p>\n<p>&nbsp;<\/p>\n<p>&nbsp;<\/p>\n<p>&nbsp;<\/p>\n<p>&nbsp;<\/p>\n<p>&nbsp;<\/p>\n<p>&nbsp;<\/p>\n<\/div>\n<\/div>\n","protected":false},"excerpt":{"rendered":"<p>Kaplnka sv. Anny \u00a0 \u00a0 \u00a0Prv\u00fd \u0161pit\u00e1l a chudobinec mesta bol umiestnen\u00fd v budove, v ktorej sa nach\u00e1dza i dne\u0161n\u00e1 kaplnka sv. Anny. Dlh\u00e9 desa\u0165ro\u010dia tu lie\u010dili infekcie chor\u00fdch z mesta a okolia. Budova, ktor\u00e1 videla mnoho \u013eudsk\u00e9ho utrpenia bola postaven\u00e1 v 18. storo\u010d\u00ed. Nesie prvky barokov\u00e9ho a klasicistick\u00e9ho slohu. &nbsp; &nbsp; &nbsp; Kaplnka sv. Jozefa \u00a0 \u00a0 \u00a0Kaplnka so zaj\u00edmavou architektonicko-v\u00fdtvarnou koncepciou bola postaven\u00e1\u00a0v roku 1741 bar\u00f3nom A. Zichym. \u00a0 \u00a0 \u00a0Obnoven\u00e1 v roku 2016. &nbsp; &nbsp; &nbsp; &nbsp; &nbsp; &nbsp;<\/p>\n","protected":false},"author":1,"featured_media":0,"parent":1084,"menu_order":0,"comment_status":"open","ping_status":"open","template":"","meta":{"footnotes":""},"class_list":["post-1081","page","type-page","status-publish","hentry"],"acf":[],"_links":{"self":[{"href":"https:\/\/www.komarno.fara.sk\/index.php?rest_route=\/wp\/v2\/pages\/1081","targetHints":{"allow":["GET"]}}],"collection":[{"href":"https:\/\/www.komarno.fara.sk\/index.php?rest_route=\/wp\/v2\/pages"}],"about":[{"href":"https:\/\/www.komarno.fara.sk\/index.php?rest_route=\/wp\/v2\/types\/page"}],"author":[{"embeddable":true,"href":"https:\/\/www.komarno.fara.sk\/index.php?rest_route=\/wp\/v2\/users\/1"}],"replies":[{"embeddable":true,"href":"https:\/\/www.komarno.fara.sk\/index.php?rest_route=%2Fwp%2Fv2%2Fcomments&post=1081"}],"version-history":[{"count":15,"href":"https:\/\/www.komarno.fara.sk\/index.php?rest_route=\/wp\/v2\/pages\/1081\/revisions"}],"predecessor-version":[{"id":6109,"href":"https:\/\/www.komarno.fara.sk\/index.php?rest_route=\/wp\/v2\/pages\/1081\/revisions\/6109"}],"up":[{"embeddable":true,"href":"https:\/\/www.komarno.fara.sk\/index.php?rest_route=\/wp\/v2\/pages\/1084"}],"wp:attachment":[{"href":"https:\/\/www.komarno.fara.sk\/index.php?rest_route=%2Fwp%2Fv2%2Fmedia&parent=1081"}],"curies":[{"name":"wp","href":"https:\/\/api.w.org\/{rel}","templated":true}]}}